{"id":3407,"date":"2024-09-25T13:47:58","date_gmt":"2024-09-25T11:47:58","guid":{"rendered":"https:\/\/framerframed.nl\/store\/?post_type=product&#038;p=3407"},"modified":"2024-09-25T13:47:59","modified_gmt":"2024-09-25T11:47:59","slug":"scattered-memory-game","status":"publish","type":"product","link":"https:\/\/framerframed.nl\/store\/product\/scattered-memory-game\/","title":{"rendered":"Scattered &#8211; Memory Game"},"content":{"rendered":"","protected":false},"excerpt":{"rendered":"<p>This card game features 24 different artworks, from 12 artists from Turkey who live and work in the Netherlands. The works of the first generation of these artists &#8211; from the 1960s to 1970s &#8211; have largely been forgotten or neglected in the narratives of contemporary art history in the Netherlands. This playful, collective Memory Game creates space for these forgotten works while speculating on a future, non-canonical art history.<\/p>\n<p>The <strong>Scattered &#8211; Memory Game<\/strong> invites players to learn and explore this history by matching pairs of works from the same artist. Featuring works by <a href=\"https:\/\/framerframed.nl\/en\/mensen\/esma-yigitoglu\/\">Esma Yi\u011fito\u011flu<\/a>, <a href=\"https:\/\/framerframed.nl\/mensen\/mustafa-sener\/\">Mustafa \u015eener<\/a>, <a href=\"https:\/\/framerframed.nl\/mensen\/bulent-evren\/\">B\u00fclent Evren<\/a>, <a href=\"https:\/\/framerframed.nl\/mensen\/nesrin-during\/\">Nesrin During<\/a>, <a href=\"https:\/\/framerframed.nl\/en\/mensen\/servet-kocyigit\/\">Servet Ko\u00e7yi\u011fit<\/a>, <a href=\"https:\/\/framerframed.nl\/mensen\/deniz-buga\/\">Deniz Buga<\/a>, <a href=\"https:\/\/framerframed.nl\/en\/mensen\/muge-yilmaz\/\">M\u00fcge Y\u0131lmaz,\u00a0<\/a><a href=\"https:\/\/framerframed.nl\/mensen\/kubilay-mert-ural\/\">Kubilay Mert Ural<\/a>, <a href=\"https:\/\/framerframed.nl\/mensen\/suat-ogut\/\">Suat \u00d6g\u00fct,<\/a>\u00a0<a href=\"https:\/\/framerframed.nl\/en\/mensen\/merve-kilicer\/\">Merve K\u0131l\u0131\u00e7er<\/a>, <a href=\"https:\/\/framerframed.nl\/mensen\/cihad-caner\/\">Cihad Caner<\/a> and <a href=\"https:\/\/framerframed.nl\/mensen\/ulufer-celik\/\">Ulufer \u00c7elik<\/a>.<\/p>\n<p><em>Concept and text by Nesli G\u00fcl, 2022.\u00a0<\/em><\/p>\n<p><a href=\"https:\/\/framerframed.nl\/en\/exposities\/expositie-scattered-hidden-narratives-through-archives\/\">Scattered<\/a> is part of the ongoing research project<em> The Impact of Contemporary Artists, who moved from Turkey, on the Dutch Art Ecosystem<\/em> initiated by <a href=\"https:\/\/framerframed.nl\/en\/mensen\/nesli-gul\/\">Nesli G\u00fcl<\/a>. Using archival material, the exhibition investigates the shifting perspectives of artists and their connections to their own cultural heritage, their representation in society with ever-changing policies, and the influence of the Turkish diaspora on their artistic discourse. The main challenge facing the ongoing research project \u2013 addressed in the exhibition \u2013 is mainly scattered, fragmented, and \u201chard to reach\u201d raw information. Selected posters, catalogues, invitations, brochures, postcards, booklets, newspaper clippings, correspondences with institutions, and artist documentaries reveal discussions on hot topic issues such as migration and identity politics.<\/p>\n","protected":false},"featured_media":3408,"template":"","meta":{"_et_pb_use_builder":"","_et_pb_old_content":"","_et_gb_content_width":""},"product_brand":[],"product_cat":[47,45],"product_tag":[],"class_list":{"0":"post-3407","1":"product","2":"type-product","3":"status-publish","4":"has-post-thumbnail","6":"product_cat-exhibitions","7":"product_cat-merchandise","8":"product_shipping_class-exhibitions","10":"first","11":"instock","12":"taxable","13":"shipping-taxable","14":"purchasable","15":"product-type-simple"},"yoast_head":"<!-- This site is optimized with the Yoast SEO plugin v26.8 - https:\/\/yoast.com\/product\/yoast-seo-wordpress\/ -->\n<title>Scattered - Memory Game - Framer Framed Store<\/title>\n<meta name=\"robots\" content=\"index, follow, max-snippet:-1, max-image-preview:large, max-video-preview:-1\" \/>\n<link rel=\"canonical\" href=\"https:\/\/framerframed.nl\/store\/product\/scattered-memory-game\/\" \/>\n<meta property=\"og:locale\" content=\"en_GB\" \/>\n<meta property=\"og:type\" content=\"article\" \/>\n<meta property=\"og:title\" content=\"Scattered - Memory Game - Framer Framed Store\" \/>\n<meta property=\"og:description\" content=\"This card game features 24 different artworks, from 12 artists from Turkey who live and work in the Netherlands. The works of the first generation of these artists - from the 1960s to 1970s - have largely been forgotten or neglected in the narratives of contemporary art history in the Netherlands. This playful, collective Memory Game creates space for these forgotten works while speculating on a future, non-canonical art history.  The Scattered - Memory Game invites players to learn and explore this history by matching pairs of works from the same artist. Featuring works by Esma Yi\u011fito\u011flu, Mustafa \u015eener, B\u00fclent Evren, Nesrin During, Servet Ko\u00e7yi\u011fit, Deniz Buga, M\u00fcge Y\u0131lmaz,\u00a0Kubilay Mert Ural, Suat \u00d6g\u00fct,\u00a0Merve K\u0131l\u0131\u00e7er, Cihad Caner and Ulufer \u00c7elik.  Concept and text by Nesli G\u00fcl, 2022.\u00a0  Scattered is part of the ongoing research project The Impact of Contemporary Artists, who moved from Turkey, on the Dutch Art Ecosystem initiated by Nesli G\u00fcl. Using archival material, the exhibition investigates the shifting perspectives of artists and their connections to their own cultural heritage, their representation in society with ever-changing policies, and the influence of the Turkish diaspora on their artistic discourse. The main challenge facing the ongoing research project \u2013 addressed in the exhibition \u2013 is mainly scattered, fragmented, and \u201chard to reach\u201d raw information. Selected posters, catalogues, invitations, brochures, postcards, booklets, newspaper clippings, correspondences with institutions, and artist documentaries reveal discussions on hot topic issues such as migration and identity politics.\" \/>\n<meta property=\"og:url\" content=\"https:\/\/framerframed.nl\/store\/product\/scattered-memory-game\/\" \/>\n<meta property=\"og:site_name\" content=\"Framer Framed Store\" \/>\n<meta property=\"article:modified_time\" content=\"2024-09-25T11:47:59+00:00\" \/>\n<meta property=\"og:image\" content=\"https:\/\/framerframed.nl\/store\/wp-content\/uploads\/2024\/09\/I1A8909\u00a9EvaBroekema-scaled.jpg\" \/>\n\t<meta property=\"og:image:width\" content=\"1708\" \/>\n\t<meta property=\"og:image:height\" content=\"2560\" \/>\n\t<meta property=\"og:image:type\" content=\"image\/jpeg\" \/>\n<meta name=\"twitter:card\" content=\"summary_large_image\" \/>\n<meta name=\"twitter:label1\" content=\"Estimated reading time\" \/>\n\t<meta name=\"twitter:data1\" content=\"1 minute\" \/>\n<script type=\"application\/ld+json\" class=\"yoast-schema-graph\">{\"@context\":\"https:\/\/schema.org\",\"@graph\":[{\"@type\":\"WebPage\",\"@id\":\"https:\/\/framerframed.nl\/store\/product\/scattered-memory-game\/\",\"url\":\"https:\/\/framerframed.nl\/store\/product\/scattered-memory-game\/\",\"name\":\"Scattered - Memory Game - Framer Framed Store\",\"isPartOf\":{\"@id\":\"https:\/\/framerframed.nl\/store\/#website\"},\"primaryImageOfPage\":{\"@id\":\"https:\/\/framerframed.nl\/store\/product\/scattered-memory-game\/#primaryimage\"},\"image\":{\"@id\":\"https:\/\/framerframed.nl\/store\/product\/scattered-memory-game\/#primaryimage\"},\"thumbnailUrl\":\"https:\/\/framerframed.nl\/store\/wp-content\/uploads\/2024\/09\/I1A8909\u00a9EvaBroekema-scaled.jpg\",\"datePublished\":\"2024-09-25T11:47:58+00:00\",\"dateModified\":\"2024-09-25T11:47:59+00:00\",\"breadcrumb\":{\"@id\":\"https:\/\/framerframed.nl\/store\/product\/scattered-memory-game\/#breadcrumb\"},\"inLanguage\":\"en-GB\",\"potentialAction\":[{\"@type\":\"ReadAction\",\"target\":[\"https:\/\/framerframed.nl\/store\/product\/scattered-memory-game\/\"]}]},{\"@type\":\"ImageObject\",\"inLanguage\":\"en-GB\",\"@id\":\"https:\/\/framerframed.nl\/store\/product\/scattered-memory-game\/#primaryimage\",\"url\":\"https:\/\/framerframed.nl\/store\/wp-content\/uploads\/2024\/09\/I1A8909\u00a9EvaBroekema-scaled.jpg\",\"contentUrl\":\"https:\/\/framerframed.nl\/store\/wp-content\/uploads\/2024\/09\/I1A8909\u00a9EvaBroekema-scaled.jpg\",\"width\":1708,\"height\":2560,\"caption\":\"Memory Games during the exhibition, Scattered (2023). Photo: Eva Broekema \/ Framer Framed\"},{\"@type\":\"BreadcrumbList\",\"@id\":\"https:\/\/framerframed.nl\/store\/product\/scattered-memory-game\/#breadcrumb\",\"itemListElement\":[{\"@type\":\"ListItem\",\"position\":1,\"name\":\"Home\",\"item\":\"https:\/\/framerframed.nl\/store\/\"},{\"@type\":\"ListItem\",\"position\":2,\"name\":\"Errant Journal\",\"item\":\"https:\/\/framerframed.nl\/store\/errantjournal\/\"},{\"@type\":\"ListItem\",\"position\":3,\"name\":\"Scattered &#8211; Memory Game\"}]},{\"@type\":\"WebSite\",\"@id\":\"https:\/\/framerframed.nl\/store\/#website\",\"url\":\"https:\/\/framerframed.nl\/store\/\",\"name\":\"Framer Framed Store\",\"description\":\"Online Store For Framer Framed\",\"potentialAction\":[{\"@type\":\"SearchAction\",\"target\":{\"@type\":\"EntryPoint\",\"urlTemplate\":\"https:\/\/framerframed.nl\/store\/?s={search_term_string}\"},\"query-input\":{\"@type\":\"PropertyValueSpecification\",\"valueRequired\":true,\"valueName\":\"search_term_string\"}}],\"inLanguage\":\"en-GB\"}]}<\/script>\n<!-- \/ Yoast SEO plugin. -->","yoast_head_json":{"title":"Scattered - Memory Game - Framer Framed Store","robots":{"index":"index","follow":"follow","max-snippet":"max-snippet:-1","max-image-preview":"max-image-preview:large","max-video-preview":"max-video-preview:-1"},"canonical":"https:\/\/framerframed.nl\/store\/product\/scattered-memory-game\/","og_locale":"en_GB","og_type":"article","og_title":"Scattered - Memory Game - Framer Framed Store","og_description":"This card game features 24 different artworks, from 12 artists from Turkey who live and work in the Netherlands. The works of the first generation of these artists - from the 1960s to 1970s - have largely been forgotten or neglected in the narratives of contemporary art history in the Netherlands. This playful, collective Memory Game creates space for these forgotten works while speculating on a future, non-canonical art history.  The Scattered - Memory Game invites players to learn and explore this history by matching pairs of works from the same artist. Featuring works by Esma Yi\u011fito\u011flu, Mustafa \u015eener, B\u00fclent Evren, Nesrin During, Servet Ko\u00e7yi\u011fit, Deniz Buga, M\u00fcge Y\u0131lmaz,\u00a0Kubilay Mert Ural, Suat \u00d6g\u00fct,\u00a0Merve K\u0131l\u0131\u00e7er, Cihad Caner and Ulufer \u00c7elik.  Concept and text by Nesli G\u00fcl, 2022.\u00a0  Scattered is part of the ongoing research project The Impact of Contemporary Artists, who moved from Turkey, on the Dutch Art Ecosystem initiated by Nesli G\u00fcl. Using archival material, the exhibition investigates the shifting perspectives of artists and their connections to their own cultural heritage, their representation in society with ever-changing policies, and the influence of the Turkish diaspora on their artistic discourse. The main challenge facing the ongoing research project \u2013 addressed in the exhibition \u2013 is mainly scattered, fragmented, and \u201chard to reach\u201d raw information. Selected posters, catalogues, invitations, brochures, postcards, booklets, newspaper clippings, correspondences with institutions, and artist documentaries reveal discussions on hot topic issues such as migration and identity politics.","og_url":"https:\/\/framerframed.nl\/store\/product\/scattered-memory-game\/","og_site_name":"Framer Framed Store","article_modified_time":"2024-09-25T11:47:59+00:00","og_image":[{"width":1708,"height":2560,"url":"https:\/\/framerframed.nl\/store\/wp-content\/uploads\/2024\/09\/I1A8909\u00a9EvaBroekema-scaled.jpg","type":"image\/jpeg"}],"twitter_card":"summary_large_image","twitter_misc":{"Estimated reading time":"1 minute"},"schema":{"@context":"https:\/\/schema.org","@graph":[{"@type":"WebPage","@id":"https:\/\/framerframed.nl\/store\/product\/scattered-memory-game\/","url":"https:\/\/framerframed.nl\/store\/product\/scattered-memory-game\/","name":"Scattered - Memory Game - Framer Framed Store","isPartOf":{"@id":"https:\/\/framerframed.nl\/store\/#website"},"primaryImageOfPage":{"@id":"https:\/\/framerframed.nl\/store\/product\/scattered-memory-game\/#primaryimage"},"image":{"@id":"https:\/\/framerframed.nl\/store\/product\/scattered-memory-game\/#primaryimage"},"thumbnailUrl":"https:\/\/framerframed.nl\/store\/wp-content\/uploads\/2024\/09\/I1A8909\u00a9EvaBroekema-scaled.jpg","datePublished":"2024-09-25T11:47:58+00:00","dateModified":"2024-09-25T11:47:59+00:00","breadcrumb":{"@id":"https:\/\/framerframed.nl\/store\/product\/scattered-memory-game\/#breadcrumb"},"inLanguage":"en-GB","potentialAction":[{"@type":"ReadAction","target":["https:\/\/framerframed.nl\/store\/product\/scattered-memory-game\/"]}]},{"@type":"ImageObject","inLanguage":"en-GB","@id":"https:\/\/framerframed.nl\/store\/product\/scattered-memory-game\/#primaryimage","url":"https:\/\/framerframed.nl\/store\/wp-content\/uploads\/2024\/09\/I1A8909\u00a9EvaBroekema-scaled.jpg","contentUrl":"https:\/\/framerframed.nl\/store\/wp-content\/uploads\/2024\/09\/I1A8909\u00a9EvaBroekema-scaled.jpg","width":1708,"height":2560,"caption":"Memory Games during the exhibition, Scattered (2023). Photo: Eva Broekema \/ Framer Framed"},{"@type":"BreadcrumbList","@id":"https:\/\/framerframed.nl\/store\/product\/scattered-memory-game\/#breadcrumb","itemListElement":[{"@type":"ListItem","position":1,"name":"Home","item":"https:\/\/framerframed.nl\/store\/"},{"@type":"ListItem","position":2,"name":"Errant Journal","item":"https:\/\/framerframed.nl\/store\/errantjournal\/"},{"@type":"ListItem","position":3,"name":"Scattered &#8211; Memory Game"}]},{"@type":"WebSite","@id":"https:\/\/framerframed.nl\/store\/#website","url":"https:\/\/framerframed.nl\/store\/","name":"Framer Framed Store","description":"Online Store For Framer Framed","potentialAction":[{"@type":"SearchAction","target":{"@type":"EntryPoint","urlTemplate":"https:\/\/framerframed.nl\/store\/?s={search_term_string}"},"query-input":{"@type":"PropertyValueSpecification","valueRequired":true,"valueName":"search_term_string"}}],"inLanguage":"en-GB"}]}},"_links":{"self":[{"href":"https:\/\/framerframed.nl\/store\/wp-json\/wp\/v2\/product\/3407","targetHints":{"allow":["GET"]}}],"collection":[{"href":"https:\/\/framerframed.nl\/store\/wp-json\/wp\/v2\/product"}],"about":[{"href":"https:\/\/framerframed.nl\/store\/wp-json\/wp\/v2\/types\/product"}],"wp:featuredmedia":[{"embeddable":true,"href":"https:\/\/framerframed.nl\/store\/wp-json\/wp\/v2\/media\/3408"}],"wp:attachment":[{"href":"https:\/\/framerframed.nl\/store\/wp-json\/wp\/v2\/media?parent=3407"}],"wp:term":[{"taxonomy":"product_brand","embeddable":true,"href":"https:\/\/framerframed.nl\/store\/wp-json\/wp\/v2\/product_brand?post=3407"},{"taxonomy":"product_cat","embeddable":true,"href":"https:\/\/framerframed.nl\/store\/wp-json\/wp\/v2\/product_cat?post=3407"},{"taxonomy":"product_tag","embeddable":true,"href":"https:\/\/framerframed.nl\/store\/wp-json\/wp\/v2\/product_tag?post=3407"}],"curies":[{"name":"wp","href":"https:\/\/api.w.org\/{rel}","templated":true}]}}